. Give l(3).
6
Let x(f) = -2*f**2 + 2*f + 2. Calculate x(2).
-2
Let l(v) = -3*v**2 - 3*v + 3. Calculate l(-3).
-15
Let t(l) = -l**2 - 6*l - 2. Calculate t(-3).
7
Let o(r) = -20*r + 3. Give o(2).
-37
Let r(o) = -8*o**2 + 47*o + 6. Calculate r(6).
0
Let s(k) = -k + 6. Give s(-10).
16
Let a(f) = -f**3 - 5*f**2 - 3*f - 4. Give a(-5).
11
Let v(l) = -4*l**2 + 3*l - 3. Calculate v(3).
-30
Let c(s) = s**3 - 9*s**2 - 22*s + 4. Determine c(11).
4
Let y(o) = -o**2 + 4*o + 4. What is y(2)?
8
Let f(q) = 6*q + 6. Determine f(-3).
-12
Let v(n) = 2*n**2 + 13*n + 9. What is v(-8)?
33
Let r(s) = 2*s - 27. What is r(15)?
3
Let f(j) = -j**3 + 9*j**2 + 21*j + 15. What is f(11)?
4
Let y(m) = -3*m**2 - 48*m - 12. Give y(-14).
72
Let i(j) = j - 12. Determine i(9).
-3
Let u(k) = k**3 - 7*k**2 - k - 6. Determine u(5).
-61
Let h(s) = -73*s + 6. Calculate h(3).
-213
Let n(o) = 2*o**3 - 32*o**2 - 3. Determine n(16).
-3
Let q(a) = -a**3 + 9*a**2 + 11. Give q(9).
11
Let k(q) = -3*q**2 + q - 1. What is k(2)?
-11
Let y(d) = 4*d**2 - 129*d - 105. What is y(33)?
-6
Let b(d) = 4*d - 159. Give b(41).
5
Let y(x) = -10*x + 121. What is y(14)?
-19
Let v(m) = -2*m**3 + 54*m**2 + 63*m - 201. Determine v(28).
-5
Let m(c) = c**3 - 6*c**2 + 4. Give m(6).
4
Let a(n) = -8*n**3 - n**2 + n. Calculate a(2).
-66
Let x(g) = g**2 + 22*g + 119. Calculate x(-10).
-1
Let c(k) = -k**3 - 8*k**2 - 6*k + 11. What is c(-7)?
4
Let o(p) = p**3 - 14*p**2 - 6. Determine o(14).
-6
Let p(i) = -i**3 + 2*i**2 + 5*i + 2. Calculate p(-2).
8
Let d(t) = -13*t + 25. Give d(-6).
103
Let m(j) = -j**2 - 2*j - 213. Give m(0).
-213
Let p(w) = -27*w - 1. What is p(4)?
-109
Let z(i) = 19*i**3 - i**2 - i. What is z(-1)?
-19
Let n(g) = -13*g - 758. Give n(-57).
-17
Let v(r) = r**2 + 50*r + 57. What is v(-49)?
8
Let p(b) = b**3 + 13*b**2 + b - 9. Give p(-13).
-22
Let v(i) = 7*i**2 - 22*i + 4. Calculate v(5).
69
Let d(b) = b**2 - 21*b - 46. Calculate d(22).
-24
Let g(q) = -48*q - 195. Determine g(-4).
-3
Let a(i) = -4*i**3 - i**2 + 4*i - 3. Give a(2).
-31
Let k(c) = -4*c - 10. What is k(3)?
-22
Let r(q) = 6*q - 74. What is r(12)?
-2
Let h(p) = 8*p. Give h(-4).
-32
Let i(p) = p**3 - 3*p**2 + 5*p - 6. Determine i(2).
0
Let w(d) = -6*d - 18. What is w(-4)?
6
Let m(a) = -5*a - 155. What is m(-30)?
-5
Let b(d) = -d - 2. Determine b(6).
-8
Let q(l) = -l**3 + 47*l**2 + 46*l + 97. What is q(48)?
1
Let y(c) = -c**2 + 29*c - 39. What is y(26)?
39
Let r(n) = -29*n + 64. Calculate r(2).
6
Let v(o) = 66*o**2 - 4*o + 3. Calculate v(1).
65
Let i(t) = -t**3 + 10*t**2 - 12*t - 5. What is i(9)?
-32
Let m(f) = -f**3 - 2*f - 7. Determine m(0).
-7
Let d(v) = v**3 + 5*v**2 - 28*v + 7. Determine d(-9).
-65
Let z(t) = t**3 + 14*t**2 + t + 10. Give z(-14).
-4
Let t(p) = -p + 11. Determine t(-6).
17
Let w(z) = -z**2 + z + 8. Determine w(0).
8
Let w(v) = v**2 - 8*v - 4. Determine w(9).
5
Let t(h) = 3*h**2 + 37*h - 8. Determine t(-15).
112
Let v(c) = 8*c**2 - 10*c. Determine v(4).
88
Let u(w) = w**2 + 12*w - 14. Calculate u(-15).
31
Let q(s) = s**2 - 19*s - 227. Determine q(-8).
-11
Let u(q) = -q**2 + 6*q + 5. What is u(4)?
13
Let j(z) = 8*z + 2. Give j(5).
42
Let r(q) = -8*q + 5. What is r(-7)?
61
Let c(g) = -g**3 - 10*g**2 - 6*g - 11. Determine c(-9).
-38
Let a(c) = -2*c - 1. Calculate a(-3).
5
Let u(c) = -c**3 + 5*c**2 - 8*c + 6. Give u(3).
0
Let v(d) = -2*d**2 - 14*d - 26. What is v(-7)?
-26
Let a(z) = -10*z + 19. Give a(3).
-11
Let c(f) = -8*f - 50. Calculate c(-5).
-10
Let g(p) = 55*p - 4. Calculate g(1).
51
Let x(o) = -o**3 - o**2 + 9*o + 8. Calculate x(-4).
20
Let h(d) = -50*d - 1103. Calculate h(-22).
-3
Let h(o) = -2*o**2 - 16*o - 15. Determine h(-11).
-81
Let s(b) = -b**3 - 8*b**2 + 4*b + 24. Calculate s(-8).
-8
Let q(k) = -k**3 - 8*k**2 - 3*k + 19. Calculate q(-7).
-9
Let p(i) = 3*i - 35. Calculate p(15).
10
Let t(b) = 5*b**2 + 9*b + 7. Give t(4).
123
Let g(k) = 12*k + 44. Give g(-4).
-4
Let k(n) = n**3 - 7*n**2 - 9*n - 8. Calculate k(8).
-16
Let n(s) = s**3 + 26*s**2 + 28*s + 28. Give n(-25).
-47
Let v(y) = y**2 + 7*y - 455. What is v(18)?
-5
Let r(w) = -55*w + 869. Determine r(16).
-11
Let t(x) = -x**3 + 11*x**2 - 9*x - 1. Determine t(10).
9
Let c(w) = w**2 + 5*w - 2. What is c(-6)?
4
Let h(w) = -11*w - 263. Determine h(-29).
56
Let p(v) = -v**3 - v**2 - v + 4. Give p(4).
-80
Let q(w) = w**3 - 15*w**2 - 11*w - 25. Determine q(16).
55
Let g(t) = t**2 - 13*t + 3. Give g(9).
-33
Let q(t) = 45*t. Give q(1).
45
Let r(t) = 33*t - 621. Calculate r(19).
6
Let g(k) = 6*k**3 - 7*k**2 + 4*k + 2. What is g(2)?
30
Let j(o) = o**3 + 7*o**2 + o - 2. What is j(-6)?
28
Let f(j) = j**2 + 3*j + 4. Calculate f(-3).
4
Let y(h) = h**3 - 7*h**2 + 6*h - 8. Determine y(5).
-28
Let p(s) = -s**3 - 5*s**2 + 5*s - 6. Calculate p(-5).
-31
Let b(l) = l**3 - 5*l**2 - 9*l + 25. Calculate b(6).
7
Let n(j) = j + 13. Calculate n(-17).
-4
Let h(n) = -9*n**2 - 2*n + 1. Calculate h(-2).
-31
Let h(j) = j + 8. Give h(-4).
4
Let w(i) = 2*i + 49. What is w(-25)?
-1
Let f(j) = j**3 + 2*j**2 - 10*j - 3. Determine f(-4).
5
Let i(p) = -p**3 - 6*p**2 + 4*p + 23. Calculate i(-6).
-1
Let a(i) = -2*i**2 + 8*i. Determine a(7).
-42
Let q(x) = 19*x**2 - 2*x + 1. Calculate q(1).
18
Let y(w) = -w**2 - 5*w + 4. Give y(-7).
-10
Let p(d) = -d**3 + 2*d**2 - 2*d - 3. Give p(2).
-7
Let b(k) = -k**2 + 32*k + 14. Calculate b(27).
149
Let k(z) = z**3 + 9*z**2 - 8*z + 6. Give k(-10).
-14
Let z(m) = m**2 - 13*m + 34. Give z(11).
12
Let f(n) = -7*n + 178. Calculate f(27).
-11
Let c(t) = -17*t - 11. Determine c(0).
-11
Let p(v) = v**3 + 4*v**2 + 2*v + 1. Determine p(-3).
4
Let u(w) = -w**2 + 28*w - 49. Calculate u(26).
3
Let b(m) = -3*m**2 + 15*m - 10. Calculate b(4).
2
Let z(m) = 5*m**2 + 8*m - 3. Give z(-3).
18
Let m(c) = -2*c**3 + 16*c**2 - 19*c + 30. Determine m(7).
-5
Let z(w) = -6*w - 1. Calculate z(-2).
11
Let v(z) = z**3 + 27*z**2 + 32*z - 44. Give v(-26).
-200
Let l(g) = -g**3 - 10*g**2 + 3*g + 12. Give l(-10).
-18
Let c(h) = 62*h. Calculate c(-1).
-62
Let d(p) = 17*p + 166. Calculate d(-10).
-4
Let y(m) = -m**3 + 10*m**2 - 12*m + 23. Give y(9).
-4
Let z(p) = p - 18. Calculate z(9).
-9
Let x(q) = -18*q**2 + 89*q + 5. Give x(5).
0
Let b(s) = -3*s**2 + 3*s - 3. Determine b(3).
-21
Let a(r) = -r**3 - 11*r**2 - 19*r - 21. Calculate a(-6).
-87
Let w(s) = -8*s + 224. Calculate w(29).
-8
Let z(o) = o + 8. Give z(7).
15
Let x(j) = j**3 + 17*j**2 + j - 46. Give x(-17).
-63
Let y(n) = n + 17. What is y(-5)?
12
Let s(a) = a**2 + 6*a - 3. What is s(-8)?
13
Let g(u) = u**3 - 9*u**2 + 2*u - 10. Give g(9).
8
Let r(n) = 3*n**2 - 61*n - 30. What is r(21)?
12
Let j(o) = -66*o + 9. Give j(-1).
75
Let u(i) = 5*i - 55. Calculate u(15).
20
Let b(c) = c - 23. Calculate b(27).
4
Let m(n) = n**2 + 2*n + 1. Determine m(3).
16
Let f(t) = t**2 + 3*t + 3. Give f(-6).
21
Let i(f) = -f**3 + 2*f**2 + 9*f - 11. Determine i(4).
-7
Let y(r) = r**3 - 8*r**2 + 13*r + 5. Calculate y(6).
11
Let s(a) = 2*a + 1. Give s(4).
9
Let s(x) = x**3 + 3*x**2 + 5*x + 1. What is s(-4)?
-35
Let w(b) = b**2 - 32*b - 36. Determine w(32).
-36
Let j(d) = -7*d**2 + d + 13. Calculate j(4).
-95
Let a(i) = -i + 1. Calculate a(-8).
9
Let o(n) = -57*n + 74. Determine o(1).
17
Let l(h) = h**3 + 10*h**2 + 9*h - 2. Calculate l(-9).
-2
Let y(p) = 2*p**3 - 14*p**2 - 6*p - 39. What is y(8)?
41
Let y(p) = -2*p**3 + 17*p**2 - 18*p - 15. Calculate y(7).
6
Let o(f) = 2*f + 6. What is o(0)?
6
Let z(l) = 3*l**3 + l**2 - 1. Give z(2).
27
Let u(i) = i**2 + 12*i - 56. Determine u(-16).
8
Let a(o) = -o**3 + 5*o**2 - 2*o + 1. What is a(3)?
13
Let c(m) = -m**2 + 51*m - 113. Determine c(49).
-15
Let x(r) = r**2 + 12*r - 27. Calculate x(-12).
-27
Let a(g) = -g**2 + 13*g - 40. Determine a(6).
2
Let d(b) = 2*b - 25. Calculate d(6).
-13
Let x(f) = -f**2 + 12*f + 7. Give x(11).
18
Let r(i) = 9*i**2 + i + 1. Give r(-1).
9
Let f(h) = h**2 - 6*h - 8. What is f(8)?
8
Let w(r) = r. Determine w(8).
8
Let c(l) = 13*l - 31. What is c(3)?
8
Let p(r) = 2*r + 62. Give p(-27).
8
Let c(o) = 2*o - 6. What is c(7)?
8
Let y(p) = p**3 - 4*p**2 - 17*p + 14. Calculate y(6).
-16
Let p(h) = h**2 - 7*h - 1. Calculate p(8).
7
Let i(f) = f + 21. Calculate i(-16).
5
Let i(p) = 6*p**2 - p - 4. What is i(-2)?
22
Let a(q) = 3*q**3 - 7*q**2 - 3*q + 6. Give a(3).
15
Let g(o) = -o**3 + 5*o**2 - 8*o - 8. Calcul